s + 30. Determine d(o).
-9
Let i(t) = t**2 - 8*t - 10. Let j(y) = 1. Let u(a) = -i(a) - 4*j(a). Calculate u(8).
6
Let x(w) = w**2 + 4*w - 7. Let l be x(-6). Suppose j + 13 = 3*m - 3*j, -l*j = -5*m + 15. Let y = m - -3. Let a(q) = 3*q**2 - 3*q + 3. What is a(y)?
9
Let t(z) be the second derivative of 0 + 1/6*z**3 + 9*z - z**2. Give t(3).
1
Let f(t) = 4*t**3 - 4*t**2 + t. Let v(s) = 2*s - 3. Let w be v(2). Let r(k) = -k**3 + k. Let l(d) = w*f(d) + 2*r(d). Calculate l(2).
6
Let t(o) = -o**3 + 5 + o**2 - 3 + 2*o**2 + 5*o. Suppose -3*n + 125 = 5*c, 4*n + 160 = 4*c + c. Suppose -8 = 5*x - c. Give t(x).
6
Let o(n) = n**3 + n**2 - 2*n - 2. Suppose -4*k + 0*k = 32. Let v = k - -6. Let w be (-1)/v*(-5 + 1). Give o(w).
-2
Let y(f) = f**2 - 4*f + 5. Let k(o) = -o**3 - 12*o**2 - 10*o + 16. Let d be k(-11). Determine y(d).
10
Suppose 3*a = -4*b - b + 27, -5*b = 5*a - 25. Let t(q) = q**3 - 6*q**2 + q - 5. Calculate t(b).
1
Let w(l) = l**2 + 5*l + 1. Let a(v) = -v - 3. Let z be a(-6). Let y be (z*-1)/(12/8). Calculate w(y).
-5
Let b = 7 - 10. Let s(d) be the first derivative of 1/4*d**4 - d + 2 + 2/3*d**3 - 3/2*d**2. Determine s(b).
-1
Let j = -3 + -12. Let l be 5/(j/(-6)) + 0. Let q(b) = 8*b**2 - 8*b - 8. Let u(v) = -3*v**2 + 3*v + 3. Let k(i) = -4*q(i) - 11*u(i). Determine k(l).
1
Suppose -4*o = -3*o - 3. Let q be (-1 - -2)*(-4 - -6). Let w(r) = -q + 5 + 4 - 3 - 3*r. What is w(o)?
-5
Suppose -2*n - 2*i - 7 = -3*n, 0 = -2*i. Let o(w) = -n + 2*w - 5*w + 3. Give o(-4).
8
Let a(f) = 6 + 3 + f**2 - 2*f**2 + 7*f + 2*f**2. Give a(-6).
3
Let r(u) = -3*u**2 + 8*u + 8. Let b(w) = 4*w**2 - 8*w - 9. Let s(i) = 2*b(i) + 3*r(i). What is s(8)?
6
Let f(h) be the first derivative of 0*h**3 - 1/2*h**2 + 2*h + 6 - 1/4*h**4. Give f(0).
2
Let c(n) = n**2 + n + 3. Let p = 17 - 17. What is c(p)?
3
Let u be (-1)/(-1 + (-14)/(-15)). Suppose -3*f + 0*f = -u. Let w(o) = -2*o + 3. Give w(f).
-7
Let r(v) = -v**2 + 1. Let y(g) = g**2 + 5*g + 3. Let h be y(-5). Let t(k) = -2*k**2 + k. Let l(u) = h*r(u) - 2*t(u). Determine l(3).
6
Suppose 2*u - 16 = -3*a + 3*u, -2*u = 8. Suppose 0 = 7*y - a*y. Suppose y = -z - 0*z + 3. Let k(g) = g - 2. Give k(z).
1
Let d = 6 - 3. Let z(i) = 2*i**d - 5*i**2 - 6*i**3 + 3*i**3 - 2. Let p = 8 + -13. Determine z(p).
-2
Let h(k) = 3*k + 2. Suppose -2*w + 4 = -4. Let u = w - 8. What is h(u)?
-10
Let a(u) = -15*u + 2. Let g(t) = -22*t + 3. Let c(q) = 7*a(q) - 5*g(q). Calculate c(-3).
-16
Let x = -3 + 9. Let q = -6 + -14. Let h be x/(-4)*q/15. Let a(j) = 2*j + 2. Give a(h).
6
Let s(l) = 2*l**3 + 3*l**2 + 3*l + 3. Suppose -5*d = -8*d + 12. Suppose 4*u + d*f = -20, 2*u - 3*u - 2*f - 8 = 0. Give s(u).
-7
Let u(w) be the first derivative of 2*w**3/3 + w**2/2 + 7. Let n(i) = -i**3 - 6*i**2 + 7*i - 2. Let p be n(-7). What is u(p)?
6
Suppose 5 - 22 = n - 4*f, 3*n = 5*f - 30. Let w(y) = 6 + 0*y + 1 + y. Calculate w(n).
2
Suppose 3*j - 21 = 4*n, 8 = -4*n + 2*j - 10. Let q(v) = v**2 + v + 3. Give q(n).
9
Let s(c) be the second derivative of -1/20*c**5 + 2*c + 0 - 1/3*c**4 - 7/2*c**2 + 1/3*c**3. Let l be (5 - 1)*10/(-8). Determine s(l).
8
Let b = 3 - -2. Suppose -v + b = -1. Let o be (-4)/v + (-1)/3. Let c(i) = -i**2 - i - 1. Give c(o).
-1
Let s(i) = i**3 - 7 + i**3 + 7*i + 0*i**3 - 3*i**3 + 5*i**2. What is s(6)?
-1
Let n(s) = -s**3 - 3*s**2 + 6*s + 4. Let o(i) = 2*i. Let y be o(-3). Let f = y - -2. What is n(f)?
-4
Suppose -5 = 5*s - 0. Let p = -3 - -11. Let t(m) = 4 + p*m**3 - 4. Determine t(s).
-8
Let b be (4/8)/(-1)*0. Let a(c) = 0 + b*c**3 + c**3 + 1 - 2. Give a(2).
7
Let c(n) = -6*n + 1. Let l(z) = z**2 + 8*z + 1. Let f be l(-8). Calculate c(f).
-5
Let t(g) = -1. Let x(p) = p - 12. Suppose 0 = -5*k + 5*b + 20, -4*k + 3*b = -0*k - 11. Let h(l) = k*x(l) + 6*t(l). What is h(5)?
1
Let t(x) be the second derivative of x**4/12 - x**3 + 5*x**2/2 + 23*x. Calculate t(6).
5
Let i be 2/6 + (-3)/9. Suppose i + 3 = f. Let x(z) = 4*z - 1. Let b(d) = 9*d - 1. Let g(v) = -3*b(v) + 7*x(v). What is g(f)?
-1
Suppose 3*w = -5*c + 41, 1 = 2*w - 3. Let r(y) = y**2 - 6*y - 4. Determine r(c).
3
Suppose j + 3*n + 52 = -2*n, -5*j + 5*n - 410 = 0. Let h be j/(-91) - 2/(-13). Let q(w) = -7*w**3 + w**2 - w + 1. What is q(h)?
-6
Let t(y) be the first derivative of y**2/2 - 4*y - 2. Let h be (21/(-6))/((-3)/6). Let s be (-8)/h*(-21)/6. Determine t(s).
0
Let g be 2/4*(-4 + 4). Let l(z) = -z**2 + 4. What is l(g)?
4
Let j(t) = t**2 + 7*t. Suppose -5*n + 41 = 76. What is j(n)?
0
Let g(c) = c**2 + 6*c + 5. Let l(d) = -d + 1. Let n be l(6). Give g(n).
0
Let c(b) = b**2. Let r(s) = -7*s**2 + 3*s + 1. Let h(n) = 6*c(n) + r(n). Let u = 6 - 2. What is h(u)?
-3
Let u(x) = 7*x**2 - 9*x + 13. Let o = 12 - 18. Let d(q) = q - 2*q - 5 + 12 - 4*q + 4*q**2. Let y(k) = o*u(k) + 11*d(k). Give y(2).
5
Let s be 1*3*4/12. Let j(q) = 4*q - s - 6*q + 5*q. Suppose z = 5 - 3. Give j(z).
5
Let l(a) = 4*a + 1 + 5 + a. Let s(d) = 6*d + 7. Let o(g) = 4*l(g) - 3*s(g). Suppose -4 = 2*c + 4. Give o(c).
-5
Let n(i) = -6*i + 10. Let g(p) = 2*p - 3. Let r(x) = -10*g(x) - 3*n(x). Suppose -5*z = 3*j, 3*j - 3*z = 2*j - 14. Let y = 4 + j. What is r(y)?
2
Let z(l) be the third derivative of -l**6/120 + l**5/60 - l**4/24 + l**3/6 + l**2. What is z(1)?
0
Let j(n) = n**3 + 8*n**2. Let r(i) = 2*i**3 + 17*i**2 + 1. Let a(t) = -5*j(t) + 2*r(t). Let q be a(-6). Let l(o) = q + 0 - 2*o - 3. What is l(1)?
-3
Let y = 4 - 1. Let n(q) = -1 + y + 8*q - 3. Suppose -4*v - 6*b = -3*b - 1, -2 = -3*v - b. Calculate n(v).
7
Let u = 0 - -5. Suppose -c + u*c - 20 = 0. Let o(n) = 2 + c - 3 - 5*n + n**2. Give o(3).
-2
Let n(t) = t**3 + 9*t**2 - 10*t + 7. Let w(i) = -3*i - 73. Let r be w(-21). What is n(r)?
7
Suppose 3*x = 6*x - 21. Suppose 0 = 4*v - 1 - x. Let y(q) = -1 + 0*q**3 - v*q**2 + 2*q - 4*q - q**3. Calculate y(-2).
3
Suppose -s + 2*a = -2*a + 16, -3 = 3*s - 3*a. Let h(d) = 0*d - 2*d + 5 + 0*d. Calculate h(s).
-3
Let l(w) = -13 + 23 - 13 + w. Give l(-5).
-8
Let u(w) = w + 4. Suppose -9 = 2*p + 3. Determine u(p).
-2
Let p(y) be the third derivative of -1/6*y**3 + 1/15*y**5 + 1/24*y**4 + 0*y - y**2 + 0 + 1/120*y**6. Determine p(-3).
5
Let w be (3 + -2)*(0 - 8). Let f be 2/w - (-45)/(-12). Let i be (-17)/(-5) + f/10. Let o(g) = -g**3 + 2*g**2 + g + 4. Determine o(i).
-2
Let o(v) = -v**2 - 5*v - 1. Suppose -2*m + 52 = 204. Suppose 0*l - l = 3*r - 10, 0 = -4*l + 5*r - 11. Let n be l/(-4) - m/(-16). Determine o(n).
-1
Let l(c) be the third derivative of c**5/60 + c**4/4 + 2*c**3/3 + c**2 - 15. Determine l(-5).
-1
Let l(q) = 2*q**2 + q - 3. Let k(s) = 4*s**2 + 2*s - 6. Let i(g) = -2*k(g) + 5*l(g). Determine i(-3).
12
Let r = -3 - -6. Let u(f) = f**3 - 3*f**2 + 1. Determine u(r).
1
Let i = 104 - 109. Let a(l) = -l**3 - 4*l**2 + l - 6. Calculate a(i).
14
Suppose -b = -0*c + c + 3, 2*b = 5*c - 6. Let y be b/3 + 1 + -5. Let n(s) = s**2 + 5*s - 1. Determine n(y).
-1
Let o be 15/45*21*1. Let v(f) = 2*f - 8. Let u be v(o). Let y(c) = -c + 12. Give y(u).
6
Let l(f) be the first derivative of -f**3/3 + f**2 - f + 29. Give l(2).
-1
Let i(v) = -v**2 + 1. Let y(r) be the first derivative of r**3/3 + r**2/2 - 2*r + 1. Let h(c) = 2*i(c) + 3*y(c). Let n be -1*(-3 + (-6)/(-1)). Determine h(n).
-4
Let i(y) = -5*y**3 - 9*y**2 + 4*y + 14. Let c(b) = b**3 + 2*b**2 - b - 3. Let p(x) = -11*c(x) - 2*i(x). Determine p(-4).
-7
Let b(j) be the first derivative of -1 + 2 - 2*j**2 + j + 0*j - 2. What is b(2)?
-7
Let i(b) = -3*b**2 + 2*b**2 - 6*b + 1 - 6 - 2*b. Let u be i(-8). Let l(c) = 3*c**2 - 9*c**2 + 3 - 2*c**3 - 4*c + c**3. Determine l(u).
-2
Let w(m) = -m. Suppose 0 = 3*g - 4*g, 0 = -4*x - 5*g. Calculate w(x).
0
Let a(g) = -4*g**3 + 7*g**2 + 14*g - 3. Let i(z) = -3*z**3 + 8*z**2 + 13*z - 4. Let n(k) = -2*a(k) + 3*i(k). Calculate n(11).
-6
Suppose 6 = -q + 3*q + 4*o, -4*q + 12 = 2*o. Let f(p) = -q + p - 2*p**2 + 3 - 2 + p**2. Let z be 0*1/1*1. Give f(z).
-2
Suppose 2*d + 2*d = 24. Let w(k) be the third derivative of -k**5/60 + k**4/4 + 5*k**3/6 + 30*k**2. Determine w(d).
5
Suppose 0*q - 3*q - 2 = -5*g, 2*g = -q + 3. Let y(t) = -7310 + 0*t**2 + 7311 - t**2 + 3*t**3 + 2*t**3. Calculate y(g).
5
Let s(n) = -n + 1. Let y(p) = 2*p - 4. Let d(v) = -7*s(v) - 2*y(v). Let i be (-20)/8*(-2)/5. Suppose -a - i = 2*j, -3*a + 8 = -7*j + 2*j. Determine d(a).
4
Let v(f) = 4*f**2 + 4*f + 2. Let r(